 is the tens digit of 154 - (80/(-45) + i/(-27))?
5
Let p(m) = -m + 10. Let a = 51 - 30. Let o = a + -30. What is the tens digit of p(o)?
1
Suppose -10*v - 838 = -8. Let c = -5 - v. What is the tens digit of c?
7
Let s = -50 + 56. Suppose -s*z + 3*r + 372 = -3*z, 2*r + 614 = 5*z. What is the hundreds digit of z?
1
Let m(t) = 1274*t**2 + 4*t - 4. What is the thousands digit of m(1)?
1
Let y be 4 + (-3)/(-6)*-4. Suppose y*g + 0*h + h = 349, -2*h - 162 = -g. What is the hundreds digit of g?
1
Suppose -4*m - 4*a + 13596 = 0, -5*m - 2*a + 0*a + 16980 = 0. What is the tens digit of m?
9
Let d = -72 + 383. What is the units digit of d?
1
What is the tens digit of (-6312)/(-39) + 8/52?
6
Let d be 39/(-5) + ((-56)/(-10))/7. Let v(t) = 4*t**2 + t + 23. What is the units digit of v(d)?
2
Let c be 1104/18 + 1/(-3). Let a(y) = -y**3 - 3*y**2 + 5*y - 6. Let g be a(-5). Let u = c - g. What is the units digit of u?
2
Let h = -486 - -1438. What is the hundreds digit of h?
9
Suppose -6*r + 3*r + 69 = 0. Suppose -107 + r = -3*n. What is the units digit of n?
8
Let x(z) = 4*z**2 + 7*z - 30. What is the units digit of x(-9)?
1
Let a be (0/4)/(18/6). Suppose -l - 4*l = 5*w - 675, a = -l - 5*w + 155. What is the units digit of l?
0
Let j be -3 + (24/2)/(-4). Let s be (j/(-5))/(12/40). Suppose 2*l - 5*g - 91 - 16 = 0, -s*l + 3*g + 221 = 0. What is the units digit of l?
6
Let n(c) = 69*c - 47. What is the hundreds digit of n(8)?
5
Let l(x) = -x**3 - 12*x**2 + 26*x - 29. What is the units digit of l(-17)?
4
Suppose -r + 2*w - 2 = -0*r, 1 = w. Suppose 2*v - 87 = -2*z + 7*z, r = 4*v - 2*z - 182. What is the tens digit of v?
4
Suppose 5*p - a = 4638, -2*a + 2775 = 3*p - 0*a. What is the hundreds digit of p?
9
What is the units digit of 132/(-99)*(1 - 1966)?
0
Let m(j) = -5*j - 28. Suppose 2*p = 11*p + 81. What is the tens digit of m(p)?
1
Let r be 4/7*14/4. Suppose 138 = r*m + 2*a - 96, 132 = m + 4*a. What is the tens digit of m?
1
Let d be (-1)/(-2)*(-60)/5. What is the hundreds digit of 10*((-69)/(-12))/((-3)/d)?
1
What is the thousands digit of 2 + 3 + 1296 + -9?
1
Let d be 220/99 + (-2)/9. Suppose 40 = 4*z - 3*i, -5*z = d*i - 3*i - 61. Suppose 3*w - 3*r - 36 = 0, -2*w - 2*r = -z - 27. What is the tens digit of w?
1
Let h = 14 - 18. Let r be (h/(-6))/((-20)/270). What is the units digit of 23/(2 - r/(-6))?
6
Suppose -552 = -2*n - 2*n - 4*c, -n + c = -148. Let h = n - 39. What is the units digit of h?
4
Let c(r) = r**2 - 2*r + 3. Let k be c(3). Let j = k + -2. What is the tens digit of (6/(-9) - j)*-3?
1
Let a(y) be the third derivative of -y**5/60 - 7*y**4/24 - 6*y**2. Let o be a(-5). Let m = 14 + o. What is the units digit of m?
4
Let k(o) = 74*o - 53. What is the units digit of k(4)?
3
Let k = -90 + 166. What is the units digit of k?
6
Suppose -15*c - 8 = -11*c. What is the units digit of 4 + (-1020)/(-8) + c/4?
1
Suppose -3575 + 15302 = 9*i. What is the units digit of i?
3
Let f(g) = g**3 + 23*g**2 + 5*g + 27. What is the hundreds digit of f(-22)?
4
Let b = 19 - 17. Let a = b - -2. Suppose -109 = -3*h - a*u, 0*h + 4*u + 77 = 3*h. What is the tens digit of h?
3
What is the hundreds digit of (-4)/(-26) + (-3122400)/(-1300)?
4
Suppose 298 = 3*t - 2*m, 0*m - 99 = -t + m. Let h = t - -29. What is the units digit of h?
9
Let n = 20 - 17. Let b = 43 + -127. What is the units digit of (b/8)/(n/(-4))?
4
Suppose -4*v + 3*y = 4*y - 13, v + y - 1 = 0. Suppose 2*a - 2*b = 298, 5*a - 721 = -2*b + b. Suppose p + v*p = a. What is the tens digit of p?
2
Let q = -64 + 124. Suppose -2*x - q = -y, -166 = -2*y - 2*x - 22. Suppose m - y = -m. What is the tens digit of m?
3
Let u(g) = 26*g. Let y = -11 - -13. Let o be u(y). Suppose a - o = -a. What is the units digit of a?
6
Let o = -31 - -35. Suppose n = -2*g + 9, 5*g + 6*n = o*n + 24. What is the units digit of g?
6
Let x = -34 + 415. What is the units digit of x?
1
Let p(x) = 20*x - 64. What is the units digit of p(25)?
6
Let b = 835 + -419. Suppose 2*m + 2*t = -m + b, -5*t - 10 = 0. What is the hundreds digit of m?
1
What is the units digit of 4*-198*8/(-12)?
8
Let b(g) = 753*g**3 - 9*g**2 + 7*g + 1. What is the tens digit of b(1)?
5
Suppose 46 + 11 = y. Let i = y - -9. What is the tens digit of i?
6
Suppose 0 = 3*c - 6 - 15. Suppose 17 = 5*n + c. Let p(w) = 3*w**2 - w - 2. What is the units digit of p(n)?
8
Let c = 56 + -27. Suppose -5*u + 35 = -2*u + l, 4*l - 50 = -3*u. Suppose -m + c = -u. What is the units digit of m?
9
Let a(r) = -14*r**3 - 2*r**2 + 2*r - 1. Let i be a(1). Let z = 41 + i. Suppose 2*m = -5*s + 186, s - 6 - z = -3*m. What is the units digit of s?
8
Let m(g) = -g**3 + 11*g**2 + 12*g + 10. Let u be m(12). Let n be (5/u)/((-1)/(-8)). Suppose -n*w + 55 = w. What is the units digit of w?
1
Let b be -7 - (0 + -1)*1. Let l(d) = 3*d**2 + 14*d - 2. Let i be l(b). What is the units digit of 10/3*33/i?
5
Let s(x) = -x**2 - 10*x + 5. Let l(j) = -2*j - 4. Let r be l(3). Let i be s(r). Suppose 40 = i*t - 3*t. What is the units digit of t?
0
Let u = 505 - 348. What is the hundreds digit of u?
1
Suppose u - 476 = -5*o, 2*u - 6*o = -2*o + 910. What is the tens digit of u?
6
Suppose 0 = 56*r - 50*r - 16812. What is the hundreds digit of r?
8
Suppose -3084 = q - 5000. What is the tens digit of q?
1
What is the tens digit of (-3)/((-6)/18 - 976/(-2964))?
4
Let r be (-2 + (2 - 0))/1. Let v(u) = 1 - u + 1 + r + 11*u**2. What is the units digit of v(-2)?
8
Suppose -2*h + 138 = -3*w + 478, 5*w - 3*h - 566 = 0. Suppose n - 11*n - 42700 = 0. What is the units digit of (-1)/8 - n/w?
8
Let n(x) = -x**2 + 17*x - 10. Let j = 49 + -44. What is the tens digit of n(j)?
5
Let k(s) = s**2 + 12*s + 4. Let l be 7 + -9 + 1*-9. Let u be k(l). Let q = 13 + u. What is the units digit of q?
6
Suppose 0 = 4*n + 22 + 26. Let h(r) = -28*r**3 - r**2 + r + 2. Let f be h(-1). Let b = f + n. What is the tens digit of b?
1
Let w = -3 + 6. Suppose -p - w*p = -12. Suppose 5*a - 2*m - 116 = 0, -5*a + 8 + 93 = p*m. What is the units digit of a?
2
Let q(o) be the first derivative of -o**3/3 - 8*o**2 + 6*o - 8. What is the tens digit of q(-11)?
6
Let x be (-6)/3 + (-3)/(-3)*-7. What is the tens digit of 2*3/x + (-82)/(-6)?
1
Let x(d) = -d**2 - 17*d - 13. Let u be x(-7). Let g = u + 48. What is the units digit of 239/5 - (-21)/g?
8
Let w(k) = k**3 - 11*k**2 + 11*k + 6. Let a be w(10). Let m be (-2)/4 + (-4088)/a. What is the units digit of 1/(-3 - m/84)?
1
Suppose -h + 5*r + 22 = 0, -5*h - 3*r - 26 = -136. Let j = -9 + h. What is the units digit of j?
3
Let y = -1439 - -2326. What is the units digit of y?
7
Suppose w - 35 = -2*w + 2*z, 4*w = -5*z + 16. Let r = w + -10. What is the units digit of (3/3)/(r/(-55))?
5
Let n be (-4)/(-2)*1 - -3. Suppose -75*f + 80*f = 10. Suppose n*c - u = 150, 5*c + f*u = 14 + 121. What is the tens digit of c?
2
Let k(o) = 153*o**3 + 2*o**2 - 9*o - 6. Let f(g) = 154*g**3 + 2*g**2 - 8*g - 5. Let b(t) = 7*f(t) - 6*k(t). What is the tens digit of b(1)?
6
Let m(o) = -o**3 - 5*o**2 + 15*o + 92. What is the units digit of m(-6)?
8
Suppose -7*p = -7 - 28. Suppose -m + p*m = -5*g + 110, 2*g = -2*m + 46. Let h = g + 0. What is the tens digit of h?
1
Suppose -5*f + 4 = -3*l, -f - 4*f = 3*l - 16. Suppose -110 = -d - l*g - 28, 0 = 5*g + 25. What is the tens digit of d?
9
Let g = 4 + 160. Let d = 109 - g. What is the tens digit of (1 + d)/((-2)/1)?
2
Suppose -h - 5 = 4*h, -4*h + 140 = 4*w. Suppose -w + 123 = 3*k. What is the tens digit of k?
2
Suppose -4*j = -n - 153 + 36, -2*j = -5*n - 63. Let q = 19 - j. Let v = 23 + q. What is the units digit of v?
3
Let u(b) = 19*b. Let x be u(3). Suppose -5*h + h + x = q, 2*q + 2*h = 102. What is the units digit of q?
9
Suppose 0 = 4*a + a. Let l = 126 - a. What is the units digit of l?
6
Let q = 60 + -40. Suppose 4*v + 4*b - 8*b = q, 2*v - 10 = -4*b. What is the tens digit of 8/(-20) + 187/v?
3
Let x(i) = 8*i + 58. Let d be x(-15). Let z = -16 - d. What is the tens digit of z?
4
Let b = -29 - -56. Suppose 3*i - b = 24. Suppose p - i = -p - 3*a, -2*a + 70 = 5*p. What is the tens digit of p?
1
Let g = -1414 - -2106. What is the hundreds digit of g?
6
Suppose -80*l = -72*l - 30296. What is the units digit of l?
7
Let o be (-1707)/(-6) - (-5)/(-10). Suppose -2*a + o = 2*a - 4*v, 4*a = 5*v + 286. What is the tens d